
Let b be 16/20*(-3 - (-142)/4). What is the greatest common factor of b and 156?
26
Let t be (-47)/(-2) - 2/(-4). Let s = 63 + -60. Suppose p = c + 3*c, -p + s*c = -1. Calculate the highest common divisor of p and t.
4
Suppose 59*o = -291*o + 1182 + 4418. Let t be (0 + -1)/(1/(-8)). Calculate the greatest common divisor of o and t.
8
Let d be ((-12)/5)/(-4 - 406/(-105)). Calculate the greatest common factor of d and 738.
18
Let n be (0 - -73) + (1 - -8)/3. Let i = 0 - -19. What is the greatest common divisor of i and n?
19
Let f(v) = -3*v + 2. Suppose -d + 3 - 7 = 0. Let c be f(d). Suppose n = -3*l + c, -n - 2*n = 3. Calculate the highest common divisor of 35 and l.
5
Let r = -6 + -9. Let k be 0 - (1 + 1) - r. Let q = k - -1. Calculate the greatest common factor of q and 14.
14
Let u(m) = m + 17. Let i be u(-5). What is the greatest common factor of 20 and i?
4
Let o = 1888 + -1818. Suppose -3*r = -4*n + n - 15, 4*r - 3*n = 17. Suppose -a = r*a - 30. Calculate the highest common divisor of o and a.
10
Suppose 4*x = -x + 110. Calculate the greatest common factor of x and 154.
22
Suppose -32*m = -34*m + 100. Let n(l) = -l**2 + 11*l - 4. Let k be n(8). What is the greatest common factor of m and k?
10
Suppose 72 = 2*i + 3*x - 0*x, -5*i + 4*x = -157. Let v = 8 + -35. Let n = v + 38. Calculate the highest common factor of i and n.
11
Suppose 28 = 2*z + 2*q, 0 = 6*z - z - 2*q - 35. Calculate the greatest common divisor of 333 and z.
9
Suppose 7*l + 306 = 9*l. Suppose 408 = -15*i + 23*i. Calculate the highest common factor of i and l.
51
Suppose 24*s + 100 = 26*s - 5*x, 0 = 4*s - x - 200. Calculate the greatest common divisor of 3450 and s.
50
Suppose -l + 13 = 9. Suppose -l*s - 15 - 10 = g, 4*s + 64 = -4*g. Let u(h) = -h**2 - 15*h - 17. Let a be u(g). What is the highest common factor of a and 36?
9
Suppose -9*l - 2*g + 394 = -5*l, -400 = -4*l + 4*g. What is the highest common factor of l and 9?
9
Let f be 4/8*2 + 0. Let j be 29 - (1 + f - 1). What is the greatest common factor of 7 and j?
7
Let x = -13 + 13. Suppose 0 = 3*w + 6, 4*i - 5*w = -x*w + 50. Calculate the highest common divisor of 20 and i.
10
Let l = 509 - 339. What is the greatest common divisor of 30 and l?
10
Let u(c) = -16 + 4*c**3 - 23*c - 3*c + 11*c + 11*c - 3*c**3 + 8*c**2. Let w = 15 - 23. Let i be u(w). What is the greatest common factor of 128 and i?
16
Let m = 202 - 299. Let f = m - -98. Calculate the greatest common factor of f and 3.
1
Let j = -438 - -672. Calculate the greatest common factor of j and 26.
26
Let a be 6 + (7/7*-1 - -261). Calculate the highest common divisor of a and 14.
14
Suppose -3*t - 2*x - 2 = 0, -2*t + x = -12 + 4. Suppose 5*k + 0*j = j + 66, t*k - 5*j - 31 = 0. What is the greatest common divisor of 65 and k?
13
Suppose -145*d + 84*d = -793. What is the highest common divisor of d and 1937?
13
Let x = 9 - 5. Suppose -x*f - 4 = 8. Let j be (3 + f + 1)*187. What is the highest common divisor of 17 and j?
17
Let z(y) = 24*y + 85. Let q be z(10). Calculate the greatest common divisor of q and 65.
65
Suppose -3*z = 5*g - 209, -5*z - g + 307 = -z. What is the highest common factor of z and 208?
26
Suppose 18*r = 21 - 3. Suppose -4*c + 2*c = 44. Let y = 31 + c. What is the highest common divisor of y and r?
1
Let v be 272/20 - 4/(-10). Let x(i) = i**3 - 9*i**2 + 4*i + 6. Let c(p) = -2*p - 5. Let w be c(-7). Let b be x(w). What is the highest common factor of v and b?
14
Let h(z) = -2*z - 2. Let u be h(-2). Let o = 26 - 24. Let n be u - (-190 - (-4)/o). What is the highest common factor of n and 19?
19
Suppose 210 = 4*g + 2*d, 6*g = 7*g - 4*d - 30. Calculate the greatest common factor of 130 and g.
10
Suppose 40*x - 36*x = -208. Let l = x + 69. What is the highest common factor of 17 and l?
17
Let u = 645 + -502. What is the greatest common divisor of 52 and u?
13
Let i(m) = 189*m**2 + m - 1. Let k be i(1). Suppose -349 - 1055 = -95*w + 591. Calculate the greatest common divisor of w and k.
21
Let t be (-21)/35 + 318/5. Suppose 318*y - 323*y + 32 = 3*o, 2 = -2*o. What is the highest common factor of y and t?
7
Suppose -678 = 10*i - 178. Let q be (60/i)/(-3*(-2)/(-50)). Suppose -4*f + 129 = 9. What is the highest common factor of q and f?
10
Let t be (9/2)/(-7 - 215/(-30)). Let x = 48 + -21. What is the greatest common divisor of t and x?
27
Let q = 179 - 158. Let t(r) = -5 + 2 - 3 + 3 + 78*r. Let a be t(3). Calculate the greatest common factor of a and q.
21
Let c be (-135)/(-2)*8/6. Suppose 2*b - 3*w = 23, b - 5*w - 727 + 712 = 0. What is the highest common divisor of c and b?
10
Let b = 17 - 18. Let g be 2 + b/((-4)/176). Let f = 186 + -71. What is the greatest common divisor of g and f?
23
Suppose o = -4*p + 14 + 54, -48 = -2*p - 4*o. Let w = 93 + -45. What is the greatest common factor of w and p?
16
Let z = 537 - 482. What is the highest common factor of z and 20?
5
Let h be (-127)/(-4) + 1/4. Let s(p) = 43*p + 1486. Let r be s(-34). What is the highest common divisor of h and r?
8
Let i = -28 + 51. Let a = 6363 - 6317. What is the highest common factor of i and a?
23
Let u be -41*(12/3 - 5). Let x = 50 - u. Calculate the greatest common divisor of x and 9.
9
Let g(o) = o + 11. Let q be g(-8). Let m(k) = -k - 2. Let l be m(-3). Suppose -3*r + 0*r - 2*a = -7, a = q*r - l. What is the greatest common factor of 3 and r?
1
Let f(j) = -j**3 + 18*j**2 - 3*j + 18. Let s be f(18). Let u = -12 - s. What is the highest common divisor of u and 12?
12
Let y(c) = 25*c**2 - 25*c + 66. Let f be y(3). What is the highest common factor of f and 4?
4
Let c(h) = -2*h + 15. Let t be c(11). Let i(r) = -r + 2. Let b be i(t). What is the greatest common factor of 63 and b?
9
Let j = -338 + 518. Suppose -6*t = 4*t - j. What is the greatest common divisor of 9 and t?
9
Let z be (413/(-21))/(4/(-12)). What is the highest common factor of z and 2?
1
Suppose 3 = 3*o + 3*v, 2*o + 5*v + 1 = 3. Suppose -3*f + k = -k + o, -4*f + 10 = 3*k. Let m be f + (-2 + 7 - 2). What is the highest common factor of m and 44?
4
Suppose 0*p - 45*p + 2430 = 0. What is the greatest common factor of 189 and p?
27
Let x(q) = 2*q**2 - 9*q - 16. Let o be x(6). Suppose 88 = 2*j + 2*j. What is the highest common divisor of j and o?
2
Suppose 2*z - 73 = 227. Calculate the highest common divisor of z and 550.
50
Let q be (-2)/(-4) + 62/4. Let c be 0 + q*3 - -3. Suppose 0*h - 3*h - c = -3*x, -2*x = h - 22. Calculate the greatest common divisor of x and 143.
13
Suppose 8 = 3*t + 2. Suppose t*k + 4*z - 40 = 0, 4*k - k = -3*z + 51. Calculate the highest common factor of k and 21.
7
Let d = -27 + 41. Let s = -9 + d. What is the greatest common factor of s and 45?
5
Let p be ((-16)/40)/(2/470). Let w = 169 + p. Suppose 3*i = -3*n + i + w, -24 = -n - i. What is the highest common factor of 189 and n?
27
Suppose -5*l + 315 = -0*l. Let u be 2 + 21 - 0*2/6. Suppose -u = -2*p - 3*n, -p + 4 = -0*n - n. Calculate the highest common divisor of p and l.
7
Let r be 2 + (172 - (-7 - -5)). Let t = -9 + 31. Calculate the greatest common divisor of r and t.
22
Let r(b) = b + 22. Suppose -3*c + 7*u - 53 = 2*u, 0 = u - 1. Let d be r(c). What is the greatest common factor of 24 and d?
6
Let k be (-279)/(-3) + (-2 - -3). Suppose -16*q + 84 = -668. What is the highest common divisor of q and k?
47
Suppose 0 = -7*b - 33*b + 240. Let o = -28 + 70. Calculate the highest common divisor of b and o.
6
Let f be (-3)/9*0 + 8. Let x(b) = b**2 + 4*b - 88. Let t be x(-12). Calculate the greatest common factor of f and t.
8
Let a be 8/28 - (-52)/14. Suppose 0 = -3*z - v + 35, 3*z + 2*v = -0*v + 40. What is the greatest common factor of a and z?
2
Let m be (24/9)/(2/3). Let d = -3 + m. Suppose -3*r = 12 - 39. What is the highest common factor of r and d?
1
Let r be -1 + (-5)/(-7) - 408/42. Let o be 1 + 35/(-25) - 1764/r. What is the highest common factor of 16 and o?
16
Suppose 310 = 4*k + 2*r - 878, -2*r = 5*k - 1485. Calculate the greatest common divisor of 27 and k.
27
Let i = -12 + 27. Let k be 6/(-4 - (-2)/1). Let b = k - -18. What is the highest common factor of b and i?
15
Let f(s) = 119*s + 6. Let g be f(1). Let y be 225/g - 2/(-10). Suppose -4*k + 4 = -4. What is the greatest common factor of k and y?
2
Let j(u) = -u + 17. Let m be j(